the prime factors of 2470885859?
13, 17, 11180479
What are the prime factors of 49357992?
2, 3, 853, 2411
What are the prime factors of 118554282?
2, 3, 7, 11, 23, 3719
What are the prime factors of 48346011?
3, 7, 17, 41, 367
What are the prime factors of 1008808872?
2, 3, 42033703
List the prime factors of 50791337.
23, 2208319
What are the prime factors of 48578374?
2, 13, 101, 1423
List the prime factors of 55118346.
2, 3, 43, 213637
What are the prime factors of 2774301950?
2, 5, 7, 43, 337, 547
What are the prime factors of 54130726?
2, 13, 967, 2153
What are the prime factors of 402342157?
7, 19, 3025129
List the prime factors of 146673324.
2, 3, 7, 582037
What are the prime factors of 73162336?
2, 13, 397, 443
List the prime factors of 257918469.
3, 47, 1829209
List the prime factors of 3253127936.
2, 47, 167, 1619
List the prime factors of 644407237.
109, 5911993
List the prime factors of 1648140243.
3, 549380081
What are the prime factors of 32040010?
2, 5, 1619, 1979
List the prime factors of 4331308310.
2, 5, 7, 367, 168599
List the prime factors of 17137878.
2, 3, 137, 20849
List the prime factors of 393060336.
2, 3, 8188757
List the prime factors of 29287162.
2, 73, 200597
List the prime factors of 636041074.
2, 19, 31, 173, 3121
List the prime factors of 1276086189.
3, 7, 19, 43, 74377
List the prime factors of 9150701.
7, 43, 101
What are the prime factors of 59777872?
2, 7, 11, 401
List the prime factors of 70548968.
2, 7, 1259803
List the prime factors of 16946043.
3, 19, 211, 1409
What are the prime factors of 7399307?
23, 321709
What are the prime factors of 30828576?
2, 3, 67, 4793
List the prime factors of 74616898.
2, 53, 349, 2017
List the prime factors of 1086857642.
2, 13, 41802217
What are the prime factors of 2675417037?
3, 19, 937, 50093
What are the prime factors of 35063639?
13, 17, 29, 5471
List the prime factors of 43652765.
5, 13, 671581
List the prime factors of 366671996.
2, 91667999
What are the prime factors of 346367918?
2, 13, 41, 73, 4451
What are the prime factors of 150364288?
2, 1174721
What are the prime factors of 3804620389?
3804620389
What are the prime factors of 20568128?
2, 7, 31, 1481
List the prime factors of 5816022740.
2, 5, 11, 19, 1391393
What are the prime factors of 172777035?
3, 5, 17, 23, 89, 331
List the prime factors of 13941837.
3, 7, 13, 29, 587
What are the prime factors of 3043972126?
2, 13, 89, 167, 7877
List the prime factors of 3165003967.
3165003967
List the prime factors of 127033134.
2, 3, 21172189
What are the prime factors of 6653077723?
73, 2843, 32057
What are the prime factors of 41941041?
3, 163, 199, 431
What are the prime factors of 53081996?
2, 11, 79, 15271
List the prime factors of 247321778.
2, 11, 11241899
What are the prime factors of 76041972?
2, 3, 281, 7517
What are the prime factors of 89609646?
2, 3, 7, 2133563
List the prime factors of 2325250866.
2, 3, 37, 10474103
List the prime factors of 91052375.
5, 37, 19687
What are the prime factors of 410000732?
2, 102500183
What are the prime factors of 190322947?
53, 67, 53597
What are the prime factors of 314552668?
2, 53, 1483739
What are the prime factors of 5652138286?
2, 59, 149, 563, 571
What are the prime factors of 609163553?
21587, 28219
List the prime factors of 45694555.
5, 17, 537583
What are the prime factors of 55557466?
2, 23, 139, 8689
List the prime factors of 7224675965.
5, 13, 59, 1883879
What are the prime factors of 832910849?
16937, 49177
What are the prime factors of 216781065?
3, 5, 4817357
List the prime factors of 95623388.
2, 7, 811, 4211
What are the prime factors of 564005628?
2, 3, 881, 17783
List the prime factors of 293448392.
2, 167, 219647
What are the prime factors of 134554156?
2, 11, 241, 12689
What are the prime factors of 6093572417?
6093572417
What are the prime factors of 7298324510?
2, 5, 1303, 560117
List the prime factors of 959826475.
5, 709, 54151
What are the prime factors of 48622748?
2, 19, 491, 1303
List the prime factors of 2728272393.
3, 7, 11, 479, 8219
What are the prime factors of 6837730?
2, 5, 337, 2029
What are the prime factors of 10154594?
2, 5077297
List the prime factors of 6982213286.
2, 35983, 97021
What are the prime factors of 292606035?
3, 5, 653, 29873
List the prime factors of 12895082.
2, 29, 222329
List the prime factors of 43031866.
2, 53, 313, 1297
List the prime factors of 1326852714.
2, 3, 11, 277, 72577
List the prime factors of 2468622830.
2, 5, 47, 5252389
List the prime factors of 382759639.
103, 757, 4909
What are the prime factors of 156044194?
2, 7237, 10781
What are the prime factors of 38008397?
7, 23, 236077
What are the prime factors of 2892494687?
22111, 130817
List the prime factors of 2476707800.
2, 5, 7, 31, 149, 383
What are the prime factors of 171832469?
171832469
What are the prime factors of 6520456175?
5, 53, 4921099
List the prime factors of 44870038.
2, 17, 1319707
List the prime factors of 87716841.
3, 61, 479327
What are the prime factors of 20785429?
7, 271, 10957
What are the prime factors of 1086798324?
2, 3, 90566527
What are the prime factors of 3450101739?
3, 7, 3391, 48449
List the prime factors of 8383048.
2, 1047881
What are the prime factors of 86696738?
2, 61, 199, 3571
What are the prime factors of 11886997?
11886997
List the prime factors of 979033453.
47, 20830499
List the prime factors of 52841708.
2, 13210427
What are the prime factors of 32456811?
3, 10818937
List the prime factors of 1468038186.
2, 3, 81557677
What are the prime factors of 277279668?
2, 3, 7702213
List the prime factors of 294578604.
2, 3, 41, 109, 1831
What are the prime factors of 153208159?
13, 11785243
What are the prime factors of 240947161?
7, 13, 378253
List the prime factors of 140212165.
5, 1123, 24971
List the prime factors of 125089910.
2, 5, 11, 17, 151, 443
What are the prime factors of 115373512?
2, 101, 142789
What are the prime factors of 1060869067?
683, 1553249
What are the prime factors of 431633461?
7, 683, 90281
What are the prime factors of 608985507?
3, 13, 109, 143257
List the prime factors of 5675878937.
67, 5927, 14293
What are the prime factors of 5566635711?
3, 7, 13, 2265623
What are the prime factors of 17400858?
2, 3, 31, 93553
List the prime factors of 4735799580.
2, 3, 5, 78929993
List the prime factors of 66786422.
2, 33393211
What are the prime factors of 190237284?
2, 3, 61, 86629
What are the prime factors of 3280737220?
2, 5, 19, 181, 47699
List the prime factors of 4185601467.
3, 17, 43, 307, 6217
What are the prime factors of 331346801?
1753, 189017
What are the prime factors of 34865331?
3, 71, 191, 857
What are the prime factors of 155045224?
2, 19380653
List the prime factors of 54417005.
5, 3299
List the prime factors of 78157890.
2, 3, 5, 41, 59, 359
List the prime factors of 113313169.
19, 97, 61483
List the prime factors of 6849159.
3, 463, 4931
List the prime factors of 3140885078.
2, 29, 71, 762721
List the prime factors of 33444609.
3, 11, 983, 1031
What are the prime factors of 58273243?
7, 8324749
List the prime factors of 1071817666.
2, 17, 31524049
What are the prime factors of 8818921915?
5, 19, 92830757
What are the prime factors of 473584134?
2, 3, 78930689
What are the prime factors of 38048181?
3, 12682727
List the prime factors of 379658982.
2, 3, 59, 113, 9491
List the prime factors of 9133802.
2, 43, 106207
List the prime factors of 295194668.
2, 97, 661, 1151
What are the prime factors of 52843974?
2, 3, 29, 269, 1129
List the prime factors of 1482041455.
5, 23, 2833, 4549
What are the prime factors of 36573999?
3, 7, 11, 158329
What are the prime factors of 154607524?
2, 97, 398473
List the prime factors of 8831232.
2, 3, 3833
List the prime factors of 2818934407.
17, 1523, 108877
List the prime factors of 59782816.
2, 19, 98327
List the prime factors of 167269815.
3, 5, 3717107
What are the prime factors of 4326995449?
7, 151, 653, 6269
What are the prime factors of 285530584?
2, 31, 1151333
What are the prime factors of 658477323?
3, 7, 3484007
What are the prime factors of 824117774?
2, 412058887
List the prime factors of 490610257.
373, 1315309
List the prime factors of 70037191.
7, 47, 193, 1103
List the prime factors of 556292198.
2, 7, 11, 491, 1051
L